{"id":4587,"date":"2024-12-04T10:07:17","date_gmt":"2024-12-04T09:07:17","guid":{"rendered":"https:\/\/maulkorb-shop.ch\/?post_type=product&#038;p=4587"},"modified":"2026-04-21T12:18:07","modified_gmt":"2026-04-21T10:18:07","slug":"don-pare-117-gross","status":"publish","type":"product","link":"https:\/\/maulkorb-shop.ch\/index.php\/produkt\/don-pare-117-gross\/","title":{"rendered":"Don Pare Giant gross"},"content":{"rendered":"<h4>Don Pare Giant gross<\/h4>\n<p>in verschiedene L\u00e4ngen und Farben erh\u00e4ltlich<\/p>\n<p>Der Maulkorb aus leichtem Nylon-Plastik kommt neu auch im Format f\u00fcr XL-Bullys daher!<\/p>\n<p>Ein extrem luftiger, leichter Maulkorb der wunderbar als Alibi-K\u00f6rbchen geeignet ist.<\/p>\n<p>Die Verschiedenen L\u00e4ngen dieses Modells beziehen sich auf die L\u00e4nge der seitlichen B\u00fcgel.<\/p>\n<p>&nbsp;<\/p>\n<p><strong>Maulkorbmasse innen (inkl. Nasenpolster):<br \/>\n<\/strong><\/p>\n<p><strong>Korbl\u00e4nge oben: 7 cm<\/strong><\/p>\n<p><strong>Breite: 11 cm<\/strong><\/p>\n<p><strong>Tiefe beim Nasenpolster: 15\u00a0 cm<\/strong><\/p>\n<p><strong>Umfang: 47 cm<\/strong><\/p>\n<p><strong>L\u00e4nge der seitlichen B\u00fcgel (ab Nasenpolster) Varianten: 20 cm (= kurz), 23 cm (= mittel), 25 cm (= lang)<br \/>\n<\/strong><\/p>\n<p>&nbsp;<\/p>\n<p>&nbsp;<\/p>\n<p><strong>Bist Du unsicher, welcher Maulkorb Deinem Hund passen k\u00f6nnte? &gt; <\/strong><a href=\"https:\/\/maulkorb-shop.ch\/index.php\/produkt\/auswahlpaket-maulkorb\/\"><strong>hier geht`s zum Auswahlpaket\u00a0<\/strong><\/a><\/p>\n<p>Hunde mit Maulkorb nicht unbeaufsichtig lassen und den Korb vor jeder Verwendung auf Defekte \u00fcberpr\u00fcfen.<\/p>\n","protected":false},"excerpt":{"rendered":"<p>f\u00fcr XL-Bullys<\/p>\n<p>L\u00e4nge : 7 cm<\/p>\n<p>Umfang: 47 cm<\/p>\n<p>&nbsp;<\/p>\n","protected":false},"featured_media":4645,"template":"","meta":{"site-sidebar-layout":"default","site-content-layout":"default","ast-site-content-layout":"default","site-content-style":"default","site-sidebar-style":"default","ast-global-header-display":"","ast-banner-title-visibility":"","ast-main-header-display":"","ast-hfb-above-header-display":"","ast-hfb-below-header-display":"","ast-hfb-mobile-header-display":"","site-post-title":"","ast-breadcrumbs-content":"","ast-featured-img":"","footer-sml-layout":"","ast-disable-related-posts":"","theme-transparent-header-meta":"default","adv-header-id-meta":"","stick-header-meta":"","header-above-stick-meta":"","header-main-stick-meta":"","header-below-stick-meta":"","astra-migrate-meta-layouts":"set","ast-page-background-enabled":"default","ast-page-background-meta":{"desktop":{"background-color":"var(--ast-global-color-4)","background-image":"","background-repeat":"repeat","background-position":"center center","background-size":"auto","background-attachment":"scroll","background-type":"","background-media":"","overlay-type":"","overlay-color":"","overlay-opacity":"","overlay-gradient":""},"tablet":{"background-color":"","background-image":"","background-repeat":"repeat","background-position":"center center","background-size":"auto","background-attachment":"scroll","background-type":"","background-media":"","overlay-type":"","overlay-color":"","overlay-opacity":"","overlay-gradient":""},"mobile":{"background-color":"","background-image":"","background-repeat":"repeat","background-position":"center center","background-size":"auto","background-attachment":"scroll","background-type":"","background-media":"","overlay-type":"","overlay-color":"","overlay-opacity":"","overlay-gradient":""}},"ast-content-background-meta":{"desktop":{"background-color":"var(--ast-global-color-5)","background-image":"","background-repeat":"repeat","background-position":"center center","background-size":"auto","background-attachment":"scroll","background-type":"","background-media":"","overlay-type":"","overlay-color":"","overlay-opacity":"","overlay-gradient":""},"tablet":{"background-color":"var(--ast-global-color-5)","background-image":"","background-repeat":"repeat","background-position":"center center","background-size":"auto","background-attachment":"scroll","background-type":"","background-media":"","overlay-type":"","overlay-color":"","overlay-opacity":"","overlay-gradient":""},"mobile":{"background-color":"var(--ast-global-color-5)","background-image":"","background-repeat":"repeat","background-position":"center center","background-size":"auto","background-attachment":"scroll","background-type":"","background-media":"","overlay-type":"","overlay-color":"","overlay-opacity":"","overlay-gradient":""}}},"product_brand":[],"product_cat":[189],"product_tag":[60,59],"class_list":{"0":"post-4587","1":"product","2":"type-product","3":"status-publish","4":"has-post-thumbnail","6":"product_cat-don-pare-giant","7":"product_tag-kunststoff","8":"product_tag-maulkorb","9":"product_shipping_class-paket","10":"desktop-align-left","11":"tablet-align-left","12":"mobile-align-left","13":"tm-no-options-pxq","15":"first","16":"instock","17":"featured","18":"taxable","19":"shipping-taxable","20":"purchasable","21":"product-type-variable"},"_links":{"self":[{"href":"https:\/\/maulkorb-shop.ch\/index.php\/wp-json\/wp\/v2\/product\/4587","targetHints":{"allow":["GET"]}}],"collection":[{"href":"https:\/\/maulkorb-shop.ch\/index.php\/wp-json\/wp\/v2\/product"}],"about":[{"href":"https:\/\/maulkorb-shop.ch\/index.php\/wp-json\/wp\/v2\/types\/product"}],"wp:featuredmedia":[{"embeddable":true,"href":"https:\/\/maulkorb-shop.ch\/index.php\/wp-json\/wp\/v2\/media\/4645"}],"wp:attachment":[{"href":"https:\/\/maulkorb-shop.ch\/index.php\/wp-json\/wp\/v2\/media?parent=4587"}],"wp:term":[{"taxonomy":"product_brand","embeddable":true,"href":"https:\/\/maulkorb-shop.ch\/index.php\/wp-json\/wp\/v2\/product_brand?post=4587"},{"taxonomy":"product_cat","embeddable":true,"href":"https:\/\/maulkorb-shop.ch\/index.php\/wp-json\/wp\/v2\/product_cat?post=4587"},{"taxonomy":"product_tag","embeddable":true,"href":"https:\/\/maulkorb-shop.ch\/index.php\/wp-json\/wp\/v2\/product_tag?post=4587"}],"curies":[{"name":"wp","href":"https:\/\/api.w.org\/{rel}","templated":true}]}}