{"id":4201,"date":"2024-09-12T11:24:38","date_gmt":"2024-09-12T09:24:38","guid":{"rendered":"https:\/\/maulkorb-shop.ch\/?post_type=product&#038;p=4201"},"modified":"2024-10-09T12:33:23","modified_gmt":"2024-10-09T10:33:23","slug":"reperatur-von-bruchstellen","status":"publish","type":"product","link":"https:\/\/maulkorb-shop.ch\/index.php\/produkt\/reperatur-von-bruchstellen\/","title":{"rendered":"Reparatur von Bruchstellen"},"content":{"rendered":"<p><strong>Reparatur von Bruchstellen<\/strong><\/p>\n<p>Manchmal kommt es vor, dass sich bei Metallk\u00f6rben Verbindungsstellen l\u00f6sen und ein St\u00fcck Draht gef\u00e4hrlich absteht. Oftmals kann man das reparieren und braucht nicht unbedingt einen neuen Korb kaufen.<\/p>\n<p><strong>Was sind die Voraussetzungen:<\/strong><\/p>\n<p>&#8211; es ist ein Metallmaulkorb in silber (bei schwarz ummantelten oder farbig beschichteten K\u00f6rbe ist es NICHT m\u00f6glich! auch d\u00fcnne Drahtmaulk\u00f6rbe k\u00f6nnen leider NICHT bearbeitet werden)<\/p>\n<p>&#8211; m\u00f6glich sind z.B. alle silbernen CHOPO Maulk\u00f6rbe, Modelle von Maulkorb-Factory, Modelle Hobi\/Dancer\/Jack<\/p>\n<p><strong>Ablauf<\/strong>:<\/p>\n<p>&#8211; nimm <strong>vorab<\/strong> bitte Kontakt per Mail oder WhatsApp mit uns auf mit einem Foto der defekten Stelle. So k\u00f6nnen wir einsch\u00e4tzen, ob eine Reparatur machbar ist<\/p>\n<p>&#8211; nach der Bestellung schickst Du den vorhandenen Korb zu (bitte mit Name\/Bestellnummer anschreiben)<\/p>\n<p>&#8211; wir bearbeiten den Korb und schicken ihn Dir zur\u00fcck<\/p>\n<p>&nbsp;<\/p>\n<h6><span style=\"color: #ff0000;\">WICHTIG Wir empfehlen, den Korb anschliessend pulverbeschichten zu lassen <\/span>um den Korrosionsschutz an den bearbeiteten Stellen zu gew\u00e4hrleisten. Die geflickte Stelle wird nicht verzinkt nur mit einem Klarlack behandelt und kann daher anf\u00e4lliger f\u00fcr Rost sein.<\/h6>\n<p>&nbsp;<\/p>\n<p>Hast Du Fragen ? Dann melde Dich einfach: info(@)maulkorb-shop.ch<\/p>\n<p>Die Bearbeitungszeit betr\u00e4gt ca. 1 Woche.<\/p>\n<p><span style=\"color: #ff0000;\">Hinweis: bearbeitete Maulk\u00f6rbe sind Einzelanfertigungen und vom Umtausch ausgeschlossen.<\/span><\/p>\n","protected":false},"excerpt":{"rendered":"<p>&#8211; Reparatur<\/p>\n","protected":false},"featured_media":4348,"template":"","meta":{"site-sidebar-layout":"default","site-content-layout":"","ast-site-content-layout":"default","site-content-style":"default","site-sidebar-style":"default","ast-global-header-display":"","ast-banner-title-visibility":"","ast-main-header-display":"","ast-hfb-above-header-display":"","ast-hfb-below-header-display":"","ast-hfb-mobile-header-display":"","site-post-title":"","ast-breadcrumbs-content":"","ast-featured-img":"","footer-sml-layout":"","ast-disable-related-posts":"","theme-transparent-header-meta":"default","adv-header-id-meta":"","stick-header-meta":"","header-above-stick-meta":"","header-main-stick-meta":"","header-below-stick-meta":"","astra-migrate-meta-layouts":"set","ast-page-background-enabled":"default","ast-page-background-meta":{"desktop":{"background-color":"var(--ast-global-color-4)","background-image":"","background-repeat":"repeat","background-position":"center center","background-size":"auto","background-attachment":"scroll","background-type":"","background-media":"","overlay-type":"","overlay-color":"","overlay-opacity":"","overlay-gradient":""},"tablet":{"background-color":"","background-image":"","background-repeat":"repeat","background-position":"center center","background-size":"auto","background-attachment":"scroll","background-type":"","background-media":"","overlay-type":"","overlay-color":"","overlay-opacity":"","overlay-gradient":""},"mobile":{"background-color":"","background-image":"","background-repeat":"repeat","background-position":"center center","background-size":"auto","background-attachment":"scroll","background-type":"","background-media":"","overlay-type":"","overlay-color":"","overlay-opacity":"","overlay-gradient":""}},"ast-content-background-meta":{"desktop":{"background-color":"var(--ast-global-color-5)","background-image":"","background-repeat":"repeat","background-position":"center center","background-size":"auto","background-attachment":"scroll","background-type":"","background-media":"","overlay-type":"","overlay-color":"","overlay-opacity":"","overlay-gradient":""},"tablet":{"background-color":"var(--ast-global-color-5)","background-image":"","background-repeat":"repeat","background-position":"center center","background-size":"auto","background-attachment":"scroll","background-type":"","background-media":"","overlay-type":"","overlay-color":"","overlay-opacity":"","overlay-gradient":""},"mobile":{"background-color":"var(--ast-global-color-5)","background-image":"","background-repeat":"repeat","background-position":"center center","background-size":"auto","background-attachment":"scroll","background-type":"","background-media":"","overlay-type":"","overlay-color":"","overlay-opacity":"","overlay-gradient":""}}},"product_brand":[],"product_cat":[17,175],"product_tag":[],"class_list":{"0":"post-4201","1":"product","2":"type-product","3":"status-publish","4":"has-post-thumbnail","6":"product_cat-riemen","7":"product_cat-pulverbeschichtung","8":"product_shipping_class-paket","9":"desktop-align-left","10":"tablet-align-left","11":"mobile-align-left","12":"tm-no-options-pxq","14":"first","15":"instock","16":"taxable","17":"shipping-taxable","18":"purchasable","19":"product-type-simple"},"_links":{"self":[{"href":"https:\/\/maulkorb-shop.ch\/index.php\/wp-json\/wp\/v2\/product\/4201","targetHints":{"allow":["GET"]}}],"collection":[{"href":"https:\/\/maulkorb-shop.ch\/index.php\/wp-json\/wp\/v2\/product"}],"about":[{"href":"https:\/\/maulkorb-shop.ch\/index.php\/wp-json\/wp\/v2\/types\/product"}],"wp:featuredmedia":[{"embeddable":true,"href":"https:\/\/maulkorb-shop.ch\/index.php\/wp-json\/wp\/v2\/media\/4348"}],"wp:attachment":[{"href":"https:\/\/maulkorb-shop.ch\/index.php\/wp-json\/wp\/v2\/media?parent=4201"}],"wp:term":[{"taxonomy":"product_brand","embeddable":true,"href":"https:\/\/maulkorb-shop.ch\/index.php\/wp-json\/wp\/v2\/product_brand?post=4201"},{"taxonomy":"product_cat","embeddable":true,"href":"https:\/\/maulkorb-shop.ch\/index.php\/wp-json\/wp\/v2\/product_cat?post=4201"},{"taxonomy":"product_tag","embeddable":true,"href":"https:\/\/maulkorb-shop.ch\/index.php\/wp-json\/wp\/v2\/product_tag?post=4201"}],"curies":[{"name":"wp","href":"https:\/\/api.w.org\/{rel}","templated":true}]}}